ighest common divisor of 752 and 56.
8
Calculate the greatest common divisor of 3 and 2637.
3
What is the greatest common divisor of 12 and 444?
12
What is the highest common factor of 15 and 245?
5
Calculate the greatest common factor of 16 and 56.
8
Calculate the highest common divisor of 11211 and 101.
101
What is the greatest common factor of 24 and 756?
12
Calculate the greatest common factor of 1085 and 155.
155
What is the greatest common factor of 6 and 114?
6
What is the greatest common factor of 675 and 975?
75
What is the greatest common divisor of 27 and 105?
3
Calculate the highest common divisor of 510 and 300.
30
What is the greatest common factor of 72 and 9?
9
What is the greatest common divisor of 609 and 1479?
87
Calculate the greatest common factor of 385 and 245.
35
Calculate the greatest common divisor of 93 and 651.
93
Calculate the highest common factor of 21 and 4179.
21
What is the greatest common divisor of 186 and 44454?
186
Calculate the greatest common factor of 104 and 40664.
104
What is the highest common factor of 53 and 1?
1
What is the highest common divisor of 144 and 944?
16
Calculate the greatest common factor of 39 and 1937.
13
What is the highest common factor of 6467 and 203?
29
What is the greatest common factor of 228 and 24?
12
Calculate the greatest common divisor of 1111 and 11.
11
What is the highest common divisor of 2769 and 39?
39
What is the highest common divisor of 4033 and 185?
37
What is the highest common divisor of 19 and 3401?
19
What is the greatest common factor of 132 and 44?
44
Calculate the highest common factor of 213 and 5325.
213
What is the highest common divisor of 378 and 54?
54
Calculate the greatest common divisor of 10742 and 410.
82
Calculate the highest common factor of 251 and 24347.
251
Calculate the greatest common factor of 161 and 7.
7
Calculate the greatest common factor of 68 and 8.
4
Calculate the highest common factor of 1391 and 107.
107
Calculate the greatest common divisor of 23 and 23.
23
Calculate the greatest common divisor of 75 and 5525.
25
What is the greatest common divisor of 105 and 20265?
105
Calculate the highest common divisor of 770 and 539.
77
Calculate the greatest common factor of 270 and 21330.
270
Calculate the greatest common factor of 19 and 1577.
19
Calculate the greatest common factor of 2514 and 24.
6
What is the greatest common factor of 986 and 2349?
29
What is the greatest common divisor of 340 and 136?
68
Calculate the highest common factor of 45 and 2730.
15
What is the greatest common divisor of 12 and 282?
6
What is the greatest common divisor of 4379 and 232?
29
What is the greatest common divisor of 305 and 3599?
61
What is the greatest common factor of 8022 and 84?
42
What is the highest common factor of 10 and 115?
5
Calculate the greatest common divisor of 45 and 630.
45
Calculate the greatest common factor of 360 and 3336.
24
What is the greatest common factor of 176 and 154?
22
What is the greatest common factor of 312 and 52?
52
Calculate the greatest common divisor of 17100 and 720.
180
Calculate the highest common factor of 88 and 24.
8
What is the highest common factor of 279 and 5673?
93
Calculate the greatest common divisor of 10 and 42310.
10
Calculate the highest common factor of 66 and 528.
66
What is the highest common divisor of 204 and 17?
17
Calculate the greatest common divisor of 161 and 529.
23
What is the greatest common factor of 176 and 803?
11
What is the greatest common factor of 192 and 108?
12
What is the highest common factor of 2700 and 100?
100
Calculate the highest common factor of 2128 and 494.
38
Calculate the highest common divisor of 238 and 187.
17
What is the highest common factor of 63 and 21?
21
Calculate the greatest common divisor of 28 and 2828.
28
What is the greatest common factor of 147 and 3?
3
Calculate the greatest common factor of 312 and 128.
8
What is the greatest common divisor of 155 and 43865?
155
Calculate the greatest common factor of 420 and 924.
84
Calculate the greatest common divisor of 6286 and 42.
14
What is the highest common factor of 40 and 650?
10
Calculate the highest common divisor of 220 and 396.
44
What is the highest common factor of 26 and 6058?
26
Calculate the highest common divisor of 10 and 565.
5
Calculate the greatest common divisor of 75 and 165.
15
What is the highest common factor of 190 and 76?
38
What is the highest common factor of 8307 and 702?
117
What is the highest common factor of 875 and 945?
35
What is the greatest common divisor of 141 and 235?
47
Calculate the highest common divisor of 672 and 126.
42
What is the highest common factor of 64 and 304?
16
What is the greatest common divisor of 561 and 33?
33
What is the highest common factor of 279 and 62?
31
What is the greatest common divisor of 369 and 1025?
41
What is the greatest common divisor of 22 and 1474?
22
What is the highest common divisor of 18818 and 194?
194
Calculate the highest common divisor of 18264 and 24.
24
Calculate the highest common divisor of 665 and 1085.
35
Calculate the greatest common factor of 11 and 869.
11
Calculate the highest common divisor of 861 and 492.
123
Calculate the greatest common divisor of 8924 and 92.
92
Calculate the highest common factor of 2197 and 39.
13
Calculate the highest common factor of 210 and 105.
105
What is the highest common divisor of 1400 and 8?
8
Calculate the highest common factor of 168 and 462.
42
What is the highest common divisor of 213 and 2911?
71
Calculate the highest common factor of 1254 and 330.
66
Calculate the greatest common factor of 9191 and 13.
13
Calculate the greatest common divisor of 24 and 588.
12
What is the highest common divisor of 4155 and 90?
15
Calculate the greatest common factor of 95 and 760.
95
Calculate the highest common factor of 288 and 312.
24
Calculate the greatest common factor of 65 and 871.
13
What is the highest common factor of 8 and 415?
1
What is the greatest common factor of 106 and 530?
106
What is the greatest common divisor of 68 and 1156?
68
Calculate the highest common divisor of 1422 and 79.
79
Calculate the highest common divisor of 34 and 34.
34
What is the highest common factor of 282 and 4982?
94
What is the highest common factor of 1937 and 13?
13
Calculate the greatest common divisor of 16 and 64.
16
Calculate the highest common divisor of 164 and 205.
41
What is the greatest common divisor of 3852 and 36?
36
Calculate the greatest common divisor of 260 and 39.
13
What is the highest common factor of 99 and 1353?
33
What is the highest common divisor of 168 and 616?
56
What is the greatest common divisor of 15755 and 115?
115
Calculate the greatest common divisor of 2180 and 30.
10
What is the greatest common factor of 16 and 26448?
16
Calculate the greatest common factor of 39 and 6487.
13
Calculate the highest common factor of 81 and 2.
1
What is the greatest common factor of 118 and 14986?
118
Calculate the highest common divisor of 1377 and 2601.
153
What is the greatest common divisor of 35 and 5?
5
Calculate the greatest common divisor of 26 and 1222.
26
Calculate the greatest common factor of 416 and 6.
2
What is the highest common factor of 5696 and 256?
64
Calculate the greatest common divisor of 1682 and 754.
58
What is the highest common divisor of 1131 and 87?
87
Calculate the highest common divisor of 4 and 906.
2
What is the greatest common divisor of 195 and 156?
39
Calculate the greatest common factor of 110 and 44.
22
Calculate the highest common divisor of 175 and 14.
7
Calculate the greatest common factor of 70 and 28.
14
What is the greatest common divisor of 104 and 5876?
52
Calculate the highest common factor of 182 and 455.
91
Calculate the highest common factor of 65 and 20.
5
What is the highest common divisor of 7047 and 729?
243
What is the highest common divisor of 22883 and 245?
49
Calculate the highest common factor of 5285 and 35.
35
Calculate the highest common divisor of 50 and 20.
10
Calculate the greatest common divisor of 5817 and 42.
21
What is the highest common divisor of 3287 and 285?
19
Calculate the greatest common divisor of 597 and 3781.
199
Calculate the highest common divisor of 644 and 7889.
161
What is the greatest